{"id":20108,"date":"2022-09-19T15:43:13","date_gmt":"2022-09-19T12:43:13","guid":{"rendered":"https:\/\/karavas.eu\/?page_id=20108"},"modified":"2022-09-21T09:51:26","modified_gmt":"2022-09-21T06:51:26","slug":"association-americaine-lambousa","status":"publish","type":"page","link":"https:\/\/karavas.eu\/fr\/karavas\/groupes-organises\/association-americaine-lambousa\/","title":{"rendered":"Association am\u00e9ricaine Lambousa"},"content":{"rendered":"<section  class='av_textblock_section av-29rrl5-ca202bd35b2d59a1c4b5b37f9222df1d '   itemscope=\"itemscope\" itemtype=\"https:\/\/schema.org\/CreativeWork\" ><div class='avia_textblock'  itemprop=\"text\" ><p>L&rsquo;Association \u00ab\u00a0Lambousa\u00a0\u00bb a \u00e9t\u00e9 cr\u00e9\u00e9e en 1937 dans la r\u00e9gion de New York par des immigrants de Karavas et Lapithos. Christos Foskos et P. Christou de Lapithos et Aristides Demetriou, Yiannis Spanos, Costas Nikitas, Gregoris Plousios, P. Sardanis, Iosef Fiouris, Ioannis Zannetos et Giorgos Papoulias de Karavas ont \u00e9t\u00e9 parmi les premiers membres fondateurs de l&rsquo;association.<\/p>\n<p>Le premier pr\u00e9sident de l&rsquo;association fut M. Foskos, suivi de G. Papoulias, A. Demetriou, G.N. Loutsios, G. Christoudias et l&rsquo;actuel pr\u00e9sident, homme d&rsquo;affaires renomm\u00e9, Evripides Kontos. Le si\u00e8ge social de \u00ab\u00a0Lambousa\u00a0\u00bb se trouve maintenant \u00e0 Bergenfield dans le New Jersey, o\u00f9 vivent de nombreux originaires de Karavas. Le conseil d&rsquo;administration actuel est principalement compos\u00e9 d\u2019originaires de Karavas et d&rsquo;amis de Karavas. Le pr\u00e9sident est Stavros Kamilaris d&rsquo;Ayios Georgios, mari de Maria Pantehi.<\/p>\n<p>Les buts de l&rsquo;association sont, entre autres:<\/p>\n<ul>\n<li>Maintenir et promouvoir les traditions chypriotes<\/li>\n<li>Renforcer les relations sociales, culturelles et spirituelles entre les membres de l&rsquo;association.<\/li>\n<li>Offrir du soutien mat\u00e9riel pour le d\u00e9veloppement de l&rsquo;\u00e9ducation \u00e0 Karavas, Lapithos et les r\u00e9gions voisines. d) Offrir un soutien moral et mat\u00e9riel aux membres de l&rsquo;association, ainsi qu&rsquo;\u00e0 tous les Chypriotes en cas de besoin.<\/li>\n<\/ul>\n<p>Apr\u00e8s les \u00e9v\u00e9nements de 1974 et l&rsquo;occupation de la partie nord de l&rsquo;\u00eele par les troupes turques, le premier but de l&rsquo;association, ainsi que de toutes les associations chypriotes en Am\u00e9rique est de sensibiliser l&rsquo;opinion publique am\u00e9ricaine \u00e0 la trag\u00e9die de Chypre, la violation flagrante des droits de l&rsquo;homme et le d\u00e9placement de 200 000 r\u00e9fugi\u00e9s de leurs foyers. Avec d&rsquo;autres associations, \u00ab\u00a0Lambousa\u00a0\u00bb a organis\u00e9 et particip\u00e9 \u00e0 de nombreux \u00e9v\u00e9nements aux Nations Unies et \u00e0 Washington. L\u2019association entretient \u00e9galement des relations avec des membres du Congr\u00e8s et des s\u00e9nateurs am\u00e9ricains et tente d&rsquo;influencer les membres du Congr\u00e8s pour qu&rsquo;ils fassent pression sur la Turquie pour une solution juste et viable au probl\u00e8me chypriote.<\/p>\n<p>\u00abLambousa\u00bb organise chaque ann\u00e9e divers \u00e9v\u00e9nements sociaux et culturels, tels que la coupe de la Vassilopitta et la \u00abDanse du citron\u00bb traditionnelle, en m\u00e9moire de l&rsquo;\u00e9v\u00e9nement qui se d\u00e9roulait \u00e0 Karavas. Les fonds amass\u00e9s de ces \u00e9v\u00e9nements sont utilis\u00e9s pour diverses causes caritatives et nationales. Au d\u00e9but, l&rsquo;association \u00ab\u00a0Lambousa\u00a0\u00bb a financi\u00e8rement et moralement aid\u00e9 \u00e0 la construction de la chapelle Ayios Petros au cimeti\u00e8re de Karavas et a accord\u00e9 la cloche de l&rsquo;\u00e9glise Evangelistria. Des subventions importantes ont \u00e9galement \u00e9t\u00e9 accord\u00e9es au sanatorium de Kyperounta, au fonds grec d&rsquo;aide aux victimes de l&rsquo;occupation allemande, aux \u00e9coles primaires de Karavas, \u00e0 la Croix-Rouge am\u00e9ricaine et au Comit\u00e9 de lutte chypriote. En mars 1988, sous la direction de l&rsquo;infatigable pr\u00e9sident et combattant de notre cause nationale, M. Kontos, Lambousa a organis\u00e9 un \u00e9v\u00e9nement culturel dont le fonds amass\u00e9 aid\u00e9, soit environ 6 000 dollars, a \u00e9t\u00e9 revers\u00e9 \u00e0 un centre anticanc\u00e9reux \u00e0 New York, o\u00f9 des enfants Grecs et Chypriotes souffrant de diverses formes de cancer sont trait\u00e9s de temps en temps. Une partie du fonds amass\u00e9 a aussi \u00e9t\u00e9 revers\u00e9e au Cyprus Children&rsquo;s Fund, qui aide les enfants r\u00e9fugi\u00e9s, victimes de l&rsquo;invasion turque.<\/p>\n<p>Le fonds a \u00e9galement contribu\u00e9 \u00e0 la cr\u00e9ation de la Fondation culturelle \u00a0de Karavas \u00e0 Chypre.<\/p>\n<\/div><\/section>\n","protected":false},"excerpt":{"rendered":"","protected":false},"author":1,"featured_media":0,"parent":20012,"menu_order":138,"comment_status":"closed","ping_status":"closed","template":"","meta":{"footnotes":""},"class_list":["post-20108","page","type-page","status-publish","hentry"],"_links":{"self":[{"href":"https:\/\/karavas.eu\/fr\/wp-json\/wp\/v2\/pages\/20108","targetHints":{"allow":["GET"]}}],"collection":[{"href":"https:\/\/karavas.eu\/fr\/wp-json\/wp\/v2\/pages"}],"about":[{"href":"https:\/\/karavas.eu\/fr\/wp-json\/wp\/v2\/types\/page"}],"author":[{"embeddable":true,"href":"https:\/\/karavas.eu\/fr\/wp-json\/wp\/v2\/users\/1"}],"replies":[{"embeddable":true,"href":"https:\/\/karavas.eu\/fr\/wp-json\/wp\/v2\/comments?post=20108"}],"version-history":[{"count":0,"href":"https:\/\/karavas.eu\/fr\/wp-json\/wp\/v2\/pages\/20108\/revisions"}],"up":[{"embeddable":true,"href":"https:\/\/karavas.eu\/fr\/wp-json\/wp\/v2\/pages\/20012"}],"wp:attachment":[{"href":"https:\/\/karavas.eu\/fr\/wp-json\/wp\/v2\/media?parent=20108"}],"curies":[{"name":"wp","href":"https:\/\/api.w.org\/{rel}","templated":true}]}}

Association américaine Lambousa

<section  class='av_textblock_section av-29rrl5-ca202bd35b2d59a1c4b5b37f9222df1d '   itemscope="itemscope" itemtype="https://schema.org/CreativeWork" ><div class='avia_textblock'  itemprop="text" ><p>L&rsquo;Association « Lambousa » a été créée en 1937 dans la région de New York par des immigrants de Karavas et Lapithos. Christos Foskos et P. Christou de Lapithos et Aristides Demetriou, Yiannis Spanos, Costas Nikitas, Gregoris Plousios, P. Sardanis, Iosef Fiouris, Ioannis Zannetos et Giorgos Papoulias de Karavas ont été parmi les premiers membres fondateurs de l&rsquo;association.</p>
<p>Le premier président de l&rsquo;association fut M. Foskos, suivi de G. Papoulias, A. Demetriou, G.N. Loutsios, G. Christoudias et l&rsquo;actuel président, homme d&rsquo;affaires renommé, Evripides Kontos. Le siège social de « Lambousa » se trouve maintenant à Bergenfield dans le New Jersey, où vivent de nombreux originaires de Karavas. Le conseil d&rsquo;administration actuel est principalement composé d’originaires de Karavas et d&rsquo;amis de Karavas. Le président est Stavros Kamilaris d&rsquo;Ayios Georgios, mari de Maria Pantehi.</p>
<p>Les buts de l&rsquo;association sont, entre autres:</p>
<ul>
<li>Maintenir et promouvoir les traditions chypriotes</li>
<li>Renforcer les relations sociales, culturelles et spirituelles entre les membres de l&rsquo;association.</li>
<li>Offrir du soutien matériel pour le développement de l&rsquo;éducation à Karavas, Lapithos et les régions voisines. d) Offrir un soutien moral et matériel aux membres de l&rsquo;association, ainsi qu&rsquo;à tous les Chypriotes en cas de besoin.</li>
</ul>
<p>Après les événements de 1974 et l&rsquo;occupation de la partie nord de l&rsquo;île par les troupes turques, le premier but de l&rsquo;association, ainsi que de toutes les associations chypriotes en Amérique est de sensibiliser l&rsquo;opinion publique américaine à la tragédie de Chypre, la violation flagrante des droits de l&rsquo;homme et le déplacement de 200 000 réfugiés de leurs foyers. Avec d&rsquo;autres associations, « Lambousa » a organisé et participé à de nombreux événements aux Nations Unies et à Washington. L’association entretient également des relations avec des membres du Congrès et des sénateurs américains et tente d&rsquo;influencer les membres du Congrès pour qu&rsquo;ils fassent pression sur la Turquie pour une solution juste et viable au problème chypriote.</p>
<p>«Lambousa» organise chaque année divers événements sociaux et culturels, tels que la coupe de la Vassilopitta et la «Danse du citron» traditionnelle, en mémoire de l&rsquo;événement qui se déroulait à Karavas. Les fonds amassés de ces événements sont utilisés pour diverses causes caritatives et nationales. Au début, l&rsquo;association « Lambousa » a financièrement et moralement aidé à la construction de la chapelle Ayios Petros au cimetière de Karavas et a accordé la cloche de l&rsquo;église Evangelistria. Des subventions importantes ont également été accordées au sanatorium de Kyperounta, au fonds grec d&rsquo;aide aux victimes de l&rsquo;occupation allemande, aux écoles primaires de Karavas, à la Croix-Rouge américaine et au Comité de lutte chypriote. En mars 1988, sous la direction de l&rsquo;infatigable président et combattant de notre cause nationale, M. Kontos, Lambousa a organisé un événement culturel dont le fonds amassé aidé, soit environ 6 000 dollars, a été reversé à un centre anticancéreux à New York, où des enfants Grecs et Chypriotes souffrant de diverses formes de cancer sont traités de temps en temps. Une partie du fonds amassé a aussi été reversée au Cyprus Children&rsquo;s Fund, qui aide les enfants réfugiés, victimes de l&rsquo;invasion turque.</p>
<p>Le fonds a également contribué à la création de la Fondation culturelle  de Karavas à Chypre.</p>
</div></section>
